{"id":229,"date":"2022-01-14T15:13:46","date_gmt":"2022-01-14T12:13:46","guid":{"rendered":"https:\/\/wp.viascope.md\/?page_id=229"},"modified":"2022-03-04T12:40:38","modified_gmt":"2022-03-04T10:40:38","slug":"cariere","status":"publish","type":"page","link":"https:\/\/viascope.md\/?page_id=229","title":{"rendered":"Legisla\u021bie"},"content":{"rendered":"\n<div class=\"wp-block-columns is-layout-flex wp-container-core-columns-is-layout-9d6595d7 wp-block-columns-is-layout-flex\">\n<div class=\"wp-block-column is-layout-flow wp-block-column-is-layout-flow\">\n<p><strong>Prevederi generale<\/strong><\/p>\n\n\n\n<ul class=\"wp-block-list\"><li>Biroul Istoriilor de Credit \u201dVIA SCOPE\u201d SRL con\u0219tientizeaz\u0103 \u015fi \u00eemp\u0103rt\u0103\u0219e\u0219te dreptul individului de a controla propriile date cu caracter personal \u015fi importanta protec\u021biei lor.<\/li><li>Conform Legii privind protec\u0163ia datelor cu caracter personal nr. 133 din 08.07.2011, date cu caracter personal constituie orice informa\u0163ie referitoare la o persoan\u0103 fizic\u0103 identificat\u0103 sau identificabil\u0103 (subiect al datelor cu caracter personal). Persoana identificabil\u0103 este persoana care poate fi identificat\u0103, direct sau indirect, prin referire la un num\u0103r de identificare sau la unul ori mai multe elemente specifice identit\u0103\u021bii sale fizice, fiziologice, psihice, economice, culturale sau sociale.<\/li><li>Orice prelucrare a datelor cu caracter personal, cu excep\u0163ia prelucr\u0103rilor men\u0163ionate expres \u00een Legea privind protec\u0163ia datelor cu caracter personal nr. 133 din 08.07.2011, poate fi efectuat\u0103 numai dac\u0103 persoana vizat\u0103 \u015fi-a dat consim\u021b\u0103m\u00e2ntul \u00een mod neechivoc pentru aceast\u0103 prelucrare. Acest fapt este stipulat \u0219i \u00een Legea nr.122.<\/li><li>\u00cen conformitate cu prevederile Legii privind protec\u0163ia datelor cu caracter personal nr. 133 din 08.07.2011, Biroul Istoriilor de Credit \u201dVIA SCOPE\u201d SRL colecteaz\u0103 datele cu caracter personal \u00een scopuri determinate, explicite \u015fi legitime pentru a le prelucra \u00eentr-un mod compatibil cu aceste scopuri.<\/li><li>Biroul Istoriilor de Credit \u201dVIA SCOPE\u201d SRL colecteaz\u0103 datele \u00een vederea prest\u0103rii serviciilor de formare, prelucrare \u0219i p\u0103strare a istoriilor de credit, precum \u0219i de prezentare a rapoartelor de credit \u0219i serviciilor aferente.<\/li><li>\u00cen conformitate cu prevederile art.art.12-18 al Legii privind protec\u0163ia datelor cu caracter personal nr.133 din 08.07.2011, subiec\u021bii istoriilor de credit dispun de dreptul de informare, dreptul de acces la datele cu caracter personal, dreptul de interven\u0163ie asupra datelor cu caracter personal, dreptul de opozi\u021bie al subiectului datelor cu caracter personal, dreptul de a nu fi supus unei decizii individuale, dreptul de acces la justi\u021bie. \u00cen scopul exercit\u0103rii drepturilor prev\u0103zute de Lege, sunt \u00een drept s\u0103 se adreseze cu o cerere scris\u0103 c\u0103tre Biroul Istoriilor de Credit \u201dVIA SCOPE\u201d SRL, mun. Chi\u015fin\u0103u, str. Alba Iulia, 75, et.7 precum \u0219i la adresa electronic\u0103 info@viascope.md.<\/li><li>Textul integral al Legii poate fi accesat pe site-ul Centrului National pentru Protec\u0163ia Datelor cu Caracter Personal pe adresa www.datepersonale.md\/md\/legi\/.<\/li><li>Biroul Istoriilor de Credit \u201dVIA SCOPE\u201d SRL, \u00eenregistrat conform legisla\u021biei cu licen\u021ba nr. 000915 din data de 22.04.2019, care presteaz\u0103 servicii de formare, prelucrare \u0219i p\u0103strare a istoriilor de credit, precum \u0219i de prezentare a rapoartelor de credit \u0219i servicii aferente.<\/li><li>Biroul Istoriilor de Credit \u201dVIA SCOPE\u201d SRL asigur\u0103 un nivel \u00eenalt de securitate \u015fi confiden\u021bialitate \u00een ceea ce prive\u0219te riscurile prezentate de prelucrarea \u015fi caracterul informa\u021biilor, asigur\u00e2nd respectarea principiilor stabilite de legisla\u0163ia privind protec\u0163ia datelor cu caracter personal.<\/li><\/ul>\n\n\n\n<p><strong>M\u0103suri de protec\u021bie a datelor cu caracter personal<\/strong><\/p>\n\n\n\n<p>Prelucrarea datelor cu caracter personal \u00een cadrul Biroului Istoriilor de Credit \u201dVIA SCOPE\u201d SRL se realizeaz\u0103 prin mijloace mixte (automatizate \u0219i manuale), sunt asigurate principiile de securitate a informa\u021biei \u0219i respectate drepturile subiec\u021bilor datelor cu caracter personal. Biroul Istoriilor de Credit \u201dVIA SCOPE\u201d SRL a luat urm\u0103toarele m\u0103suri pentru a proteja datele cu caracter personal ale subiec\u021bilor.<\/p>\n\n\n\n<p><\/p>\n\n\n\n<p><strong>Prelucr\u0103ri automatizate a datelor cu caracter personal<\/strong><\/p>\n\n\n\n<ol class=\"wp-block-list\"><li>Accesul utilizatorilor la resursele informa\u021bionale ale Biroului ce con\u021bin date cu caracter personal se va efectua prin atribuirea unui identificator unic, compus din contul personal de acces (nume de utilizator) ce va permite identificare echivoc\u0103 a ac\u021biunilor utilizatorului.<\/li><li>Conturile de acces sunt protejate prin metode de autentificare (parole). Acestea sunt alocate individual pentru fiecare utilizator \u0219i respect\u0103 prevederile cadrului de reglementare intern al Biroului al Istoriilor de Credit, dar \u0219i cerin\u021bele din domeniu aplicate la nivel interna\u0163ional \u0219i na\u021bional.<\/li><li>\u00cen cazul neautentific\u0103rii \u00een sistem pe o perioad\u0103 mai mare de 90 de zile conturile de utilizatori sunt blocate automat.<\/li><li>Conturile de utilizator vor fi retrase \u0219i\/sau blocate la concediere sau schimbarea postului de lucru a utilizatorului.<\/li><li>Toate conturile de acces la resursele informa\u021bionale ale Biroului sunt revizuite periodic, astfel se verific\u0103 actualitatea dreptului de utilizare (prin efectuarea auditului \u00een conformitate cu prevederile regulamentelor interne dar \u0219i a legisla\u021biei de profil).<\/li><li>Accesul la resursele informa\u021bionale ale Biroului se realizeaz\u0103 \u00eenc\u00e2t s\u0103 minimizeze accesul neautorizat la sistem.<\/li><li>Cerin\u021bele minime fa\u021b\u0103 de procedura de autentificare constituie:<ol type=\"a\"><li>Nu se afi\u0219eaz\u0103 pe ecran informa\u021bia privind utilizatorii anteriori introdu\u0219i sau fa\u021b\u0103 de parol\u0103.<\/li><li>Utilizatorul este pre\u00eent\u00e2mpinat c\u0103 sistemul poate fi utilizat numai de utilizatori autentifica\u021bi.<\/li><li>Se afi\u0219eaz\u0103 mesaje generice la autentificarea nereu\u0219it\u0103 \u00een sistem, care nu con\u021bin sugestii asupra cauzei refuzului de acces.<\/li><li>Sunt implementate mecanisme de blocare a \u00eencerc\u0103rilor automate de identificare a parolei.<\/li><li>\u00cenregistrarea tuturor evenimentelor de autentificare reu\u0219it\u0103\/nereu\u0219it\u0103.<\/li><\/ol><\/li><li>Schimbul electronic de informa\u021bii \u00eentre participan\u021bi la sistemul informa\u021bional al Biroului se efectueaz\u0103 numai cu utilizarea complexului software specializat \u0219i se semneaz\u0103 cu semn\u0103tura electronic\u0103 avansat\u0103 calificat, \u00een conformate cu legisla\u0163ia \u00een domeniul semn\u0103tura electronic\u0103 \u015fi documentul electronic<\/li><\/ol>\n\n\n\n<p><strong>Prelucr\u0103ri manuale a datelor cu caracter personal<\/strong><\/p>\n\n\n\n<ol class=\"wp-block-list\"><li>Prelucr\u0103rile manuale a datelor cu caracter personal sunt efectuate numai de c\u0103tre persoanele desemnate corespunz\u0103tor din cadrului Biroului.<\/li><li>Accesul \u00een Birou \u0219i\/sau \u00een spa\u021biile unde s\u00e2nt amplasate echipamentele care asigur\u0103 prelucrarea informa\u0163iei care con\u021bin date cu caracter personal este restric\u021bionat, fiind permis doar persoanelor care au autoriza\u021bia necesar\u0103, conform listei sau \u00eensemnelor corespunz\u0103toare.<\/li><li>La nivel de Birou, este elaborat \u0219i implementat un document intern referitor la protec\u021bia datelor cu caracter personal, Regulamentul de prelucrare a datelor cu caracter personal \u00een cadrul Birou al Istoriilor de Credit \u201dVIA SCOPE\u201d SRL a sistemului de eviden\u021b\u0103 istoriilor de credit. Acesta este comunicat tuturor persoanelor implicate \u00een procesarea informa\u021biei respective.<\/li><\/ol>\n\n\n\n<p> <\/p>\n<\/div>\n<\/div>\n","protected":false},"excerpt":{"rendered":"<p>Prevederi generale Biroul Istoriilor de Credit \u201dVIA SCOPE\u201d SRL con\u0219tientizeaz\u0103 \u015fi \u00eemp\u0103rt\u0103\u0219e\u0219te dreptul individului de a controla propriile date cu caracter personal \u015fi importanta protec\u021biei lor. Conform Legii privind protec\u0163ia datelor cu caracter personal nr. 133 din 08.07.2011, date cu caracter personal constituie orice informa\u0163ie referitoare la o persoan\u0103 fizic\u0103 identificat\u0103 sau identificabil\u0103 (subiect al [&hellip;]<\/p>\n","protected":false},"author":1,"featured_media":0,"parent":0,"menu_order":0,"comment_status":"closed","ping_status":"closed","template":"","meta":{"_acf_changed":false,"footnotes":""},"class_list":["post-229","page","type-page","status-publish","hentry"],"acf":[],"_links":{"self":[{"href":"https:\/\/viascope.md\/index.php?rest_route=\/wp\/v2\/pages\/229","targetHints":{"allow":["GET"]}}],"collection":[{"href":"https:\/\/viascope.md\/index.php?rest_route=\/wp\/v2\/pages"}],"about":[{"href":"https:\/\/viascope.md\/index.php?rest_route=\/wp\/v2\/types\/page"}],"author":[{"embeddable":true,"href":"https:\/\/viascope.md\/index.php?rest_route=\/wp\/v2\/users\/1"}],"replies":[{"embeddable":true,"href":"https:\/\/viascope.md\/index.php?rest_route=%2Fwp%2Fv2%2Fcomments&post=229"}],"version-history":[{"count":10,"href":"https:\/\/viascope.md\/index.php?rest_route=\/wp\/v2\/pages\/229\/revisions"}],"predecessor-version":[{"id":372,"href":"https:\/\/viascope.md\/index.php?rest_route=\/wp\/v2\/pages\/229\/revisions\/372"}],"wp:attachment":[{"href":"https:\/\/viascope.md\/index.php?rest_route=%2Fwp%2Fv2%2Fmedia&parent=229"}],"curies":[{"name":"wp","href":"https:\/\/api.w.org\/{rel}","templated":true}]}}