{"id":173,"date":"2021-12-21T16:13:26","date_gmt":"2021-12-21T13:13:26","guid":{"rendered":"http:\/\/viascopeflex\/?page_id=173"},"modified":"2025-04-07T12:34:48","modified_gmt":"2025-04-07T10:34:48","slug":"despre-noi","status":"publish","type":"page","link":"https:\/\/viascope.md\/?page_id=173","title":{"rendered":"Despre noi"},"content":{"rendered":"\n<p><strong>Biroul Istoriilor de Credit \u201eVia Scope\u201d<\/strong> este compania care ofer\u0103 clien\u021bilor s\u0103i instrumente moderne de luare a deciziilor privind credibilitatea poten\u021bialilor clien\u021bi.<br>Astfel, se asigur\u0103 rata minim\u0103 de credite neperformante, fapt ce, cu siguran\u021b\u0103, stimuleaz\u0103 \u00eembun\u0103t\u0103\u021birea portofoliului de oferte pentru poten\u021bialii clien\u021bi.<br>Concomitent, se faciliteaz\u0103 interac\u021biunea dintre poten\u021bialii clien\u021bi \u0219i companiile de creditare, ac\u021bion\u00e2nd pozitiv asupra educa\u021biei financiare a popula\u021biei.<\/p>\n\n\n\n<p><strong>Obiectivul de baz\u0103<\/strong> al companiei const\u0103 \u00een recep\u0163ionarea, stocarea, prelucrarea \u015fi prezentarea informa\u0163iei (rapoarte de credit) care caracterizeaz\u0103 respectarea de c\u0103tre debitori a obliga\u0163iilor financiare.<\/p>\n\n\n\n<p><strong>Obiectul de activitate<\/strong> al Biroului Istoriilor de Credit \u201eVia Scope\u201d se refer\u0103 la:<\/p>\n\n\n\n<blockquote class=\"wp-block-quote is-layout-flow wp-block-quote-is-layout-flow\">\n<p>Biroul istoriilor de credit (BIC) Via Scope a primit licen\u0163a cu Nr. 000915 de la Comisia Na\u0163ional\u0103 a Pie\u0163ei Financiare (CNPF) pe 22 aprilie 2019. Activitatea BIC \u201dVia Scope\u201d SRL este reglementat\u0103 de Legea nr. 122 din 29.05.2008 privind birourile istoriilor de credit \u015fi este supravegheat\u0103 de CNPF, care este autoritate public\u0103 autonom\u0103, responsabil\u0103 fa\u0163\u0103 de Parlament, care autorizeaz\u0103 \u015fi reglementeaz\u0103 activitatea participan\u0163ilor pe pia\u0163a financiar\u0103 (https:\/\/www.cnpf.md\/ro).<\/p>\n<\/blockquote>\n\n\n\n<p><strong>Misiunea BIC Via Scope<\/strong> este de a reduce nivelul de supra\u00eendatorare a popula\u021biei printr-o informare complex\u0103, veridic\u0103 \u015fi actualizat\u0103 a clien\u0163ilor s\u0103i. Acest fapt le va oferi clien\u0163ilor posibilitatea de a lua decizii \u00een cuno\u0219tin\u021b\u0103 de cauz\u0103 cu privire la utilizarea produselor \u0219i serviciilor financiare.<\/p>\n\n\n\n<p><strong>Astfel, BIC Via Scope ofer\u0103<\/strong> posibilitatea verific\u0103rii solicitan\u0163ilor de credite \u015fi evaluarea credibilit\u0103\u0163ii acestora. Acest fapt va contribui la identificarea persoanelor supra\u00eendatorate \u015fi la u\u015furarea procesului de recuperabilitate a datoriilor. Men\u0163ion\u0103m faptul c\u0103 BIC Via Scope ofer\u0103 clien\u0163ilor s\u0103i un instrument eficient de estimare \u00een regim online a credibilit\u0103\u0163ii viitorilor debitori, at\u00e2t persoane fizice c\u00eet \u015fi persoane juridice.<\/p>\n\n\n\n<div class=\"wp-block-buttons is-nowrap is-layout-flex wp-container-core-buttons-is-layout-ad2f72ca wp-block-buttons-is-layout-flex\">\n<div class=\"wp-block-button has-custom-width wp-block-button__width-25 has-custom-font-size is-style-fill has-small-font-size\"><a class=\"wp-block-button__link has-vivid-cyan-blue-background-color has-background wp-element-button\" href=\"http:\/\/viascope.md\/?page_id=175\">Vezi situa\u021bii financiare 2020<\/a><\/div>\n\n\n\n<div class=\"wp-block-button has-custom-width wp-block-button__width-25 has-custom-font-size is-style-fill has-small-font-size\"><a class=\"wp-block-button__link has-vivid-cyan-blue-background-color has-background wp-element-button\" href=\"https:\/\/viascope.md\/?page_id=760\">Vezi situa\u021bii financiare 2021<\/a><\/div>\n\n\n\n<div class=\"wp-block-button has-custom-width wp-block-button__width-25 has-custom-font-size is-style-fill has-small-font-size\"><a class=\"wp-block-button__link has-vivid-cyan-blue-background-color has-background wp-element-button\" href=\"https:\/\/viascope.md\/?page_id=722\">Vezi situa\u021bii financiare 2022<\/a><\/div>\n\n\n\n<div class=\"wp-block-button has-custom-width wp-block-button__width-25 has-custom-font-size is-style-fill has-small-font-size\"><a class=\"wp-block-button__link has-vivid-cyan-blue-background-color has-background wp-element-button\" href=\"https:\/\/viascope.md\/?page_id=787\">Vezi situa\u021bii financiare 2023<\/a><\/div>\n\n\n\n\n<div class=\"wp-block-button has-custom-width wp-block-button__width-25 has-custom-font-size is-style-fill has-small-font-size\"><a class=\"wp-block-button__link has-vivid-cyan-blue-background-color has-background wp-element-button\" href=\"https:\/\/viascope.md\/?page_id=953\">Vezi situa\u021bii financiare 2024<\/a><\/div>\n\n\n<\/div>\n\n\n\n<p><\/p>\n","protected":false},"excerpt":{"rendered":"<p>Biroul Istoriilor de Credit \u201eVia Scope\u201d este compania care ofer\u0103 clien\u021bilor s\u0103i instrumente moderne de luare a deciziilor privind credibilitatea poten\u021bialilor clien\u021bi.Astfel, se asigur\u0103 rata minim\u0103 de credite neperformante, fapt ce, cu siguran\u021b\u0103, stimuleaz\u0103 \u00eembun\u0103t\u0103\u021birea portofoliului de oferte pentru poten\u021bialii clien\u021bi.Concomitent, se faciliteaz\u0103 interac\u021biunea dintre poten\u021bialii clien\u021bi \u0219i companiile de creditare, ac\u021bion\u00e2nd pozitiv asupra educa\u021biei [&hellip;]<\/p>\n","protected":false},"author":1,"featured_media":0,"parent":0,"menu_order":0,"comment_status":"closed","ping_status":"closed","template":"","meta":{"_acf_changed":false,"footnotes":""},"class_list":["post-173","page","type-page","status-publish","hentry"],"acf":[],"_links":{"self":[{"href":"https:\/\/viascope.md\/index.php?rest_route=\/wp\/v2\/pages\/173","targetHints":{"allow":["GET"]}}],"collection":[{"href":"https:\/\/viascope.md\/index.php?rest_route=\/wp\/v2\/pages"}],"about":[{"href":"https:\/\/viascope.md\/index.php?rest_route=\/wp\/v2\/types\/page"}],"author":[{"embeddable":true,"href":"https:\/\/viascope.md\/index.php?rest_route=\/wp\/v2\/users\/1"}],"replies":[{"embeddable":true,"href":"https:\/\/viascope.md\/index.php?rest_route=%2Fwp%2Fv2%2Fcomments&post=173"}],"version-history":[{"count":26,"href":"https:\/\/viascope.md\/index.php?rest_route=\/wp\/v2\/pages\/173\/revisions"}],"predecessor-version":[{"id":987,"href":"https:\/\/viascope.md\/index.php?rest_route=\/wp\/v2\/pages\/173\/revisions\/987"}],"wp:attachment":[{"href":"https:\/\/viascope.md\/index.php?rest_route=%2Fwp%2Fv2%2Fmedia&parent=173"}],"curies":[{"name":"wp","href":"https:\/\/api.w.org\/{rel}","templated":true}]}}